pose 41 - 66 = -5*k. Suppose 2*g - 53 = -3*t + k, -3*g - 2*t + 92 = 0. What are the prime factors of g?
2
Suppose 2*k - 50 = 38. Suppose -2*n + 54 = 128. Let o = n + k. What are the prime factors of o?
7
Let b = 2015 - 1350. Let o = b + -485. List the prime factors of o.
2, 3, 5
Let z = 160 - 159. Let f(v) = 428*v - 11. What are the prime factors of f(z)?
3, 139
Let v(k) be the third derivative of 3*k**4/8 + 343*k**3/6 + 6*k**2. What are the prime factors of v(0)?
7
Let a(i) = 6*i**2 + 2 + 56 - 5*i**2 + i**2 + 18*i. What are the prime factors of a(-14)?
2, 3, 11
Suppose -4*m + 8*m = 4*f + 16, -4*f + 16 = 4*m. Suppose -3*g - 1118 = -5*v + 1666, 5*v - 5*g - 2790 = f. What are the prime factors of v?
3, 5, 37
Let f(h) = -9*h**2 - 5*h - 4. Let m(k) = -4*k - 21. Let p be m(-5). Let y be f(p). List the prime factors of (14/2)/(y/(-40)).
5, 7
Suppose 3*d - x - 16 = 3*x, 2*d + 4*x = 24. Suppose 7*l + 20 = d*l. List the prime factors of (-488)/(-6) - l/15.
2, 5
Let o(g) = g**3 + 5*g**2 - 3*g - 3. Let n be o(-5). Suppose 19*b - 1834 = n*b. List the prime factors of b.
2, 131
Let f(q) = 12*q**2 - 18*q - 105. Let t be f(-5). Let s(h) = 18*h**3 + h**2. Let k be s(1). Suppose -k*a + t = -14*a. List the prime factors of a.
3, 19
Let f(g) = -3*g**2 - 26 + g**3 - 7*g**2 + 0*g**2 + 13*g. What are the prime factors of f(10)?
2, 13
Let x = 695 + -700. Let n(q) = q**2 + q. Let g(d) = -3*d**3 - 7*d**2 - 8*d + 3. Let f(l) = g(l) - n(l). What are the prime factors of f(x)?
223
Let o = -9082 + 16802. List the prime factors of o.
2, 5, 193
Suppose 4*y = -d + 9, -2*y - 2*d = 2*d - 8. Let q(p) = 17*p**2 - 3 + 14*p**y - 2*p - 29*p**2 - 35*p**3. List the prime factors of q(-1).
2, 3
Let q(y) = -16*y - 9. Let x be q(-2). Suppose -x = -5*g + 2. Suppose 2*p - 177 = g*t, 3*p + t - 171 = p. What are the prime factors of p?
2, 43
Let y be (-1)/7*-138*28. Let p = y + -137. List the prime factors of p/4 - (-1 + (-3)/(-4)).
2, 13
What are the prime factors of ((-6092)/6)/((-75)/225*(-6)/(-39))?
13, 1523
Let u(m) = -2. Let k(z) = -289*z + 1. Let v(d) = k(d) + 3*u(d). List the prime factors of v(-1).
2, 71
Suppose -7*p - 33438 = -108499. What are the prime factors of p?
10723
Let b(x) = 135*x + 26. Suppose -g = -3*g - 5*p - 11, -3*g + 5*p = -21. List the prime factors of b(g).
2, 37
Suppose 6*u = 2*u - 832. Let w = u - -933. List the prime factors of w.
5, 29
List the prime factors of (46/(-69))/((-2015)/(-2016) + -1).
2, 3, 7
Let w(h) = -204*h**3 + 14*h**2 - 79*h - 660. What are the prime factors of w(-6)?
2, 3, 13, 569
Let r = 101 + -96. Suppose -2*o + 2*t = 106, o = 3*o + r*t + 127. What are the prime factors of (208/10)/(o/20 + 3)?
2, 13
Let t(q) = 102*q + 322. What are the prime factors of t(3)?
2, 157
Let n(r) = 3388*r - 5303. List the prime factors of n(11).
3, 5, 2131
Suppose -2*r + 3*r - 43 = 0. Suppose 3*x = 5*u + r, -5*x = -u - 32 - 3. What are the prime factors of (30/8)/(x/112)?
2, 5, 7
Let z be (-10)/20*1*32. Let p = z + 22. Suppose 5*l - 3*h = 190, p*h - 2*h = 20. List the prime factors of l.
41
Suppose -2*g - 9 = -5*g, -4*g - 1586 = -2*l. Let k = l + -402. List the prime factors of k.
397
Suppose -136620 = -24*h - 20*h. Suppose -188 = -2*v - m + 1871, -3*v + 4*m + h = 0. What are the prime factors of v?
1031
Suppose -2*i - 2902 = -2*z, 0 = 2*z - z + 4*i - 1441. List the prime factors of z/4 + (10 - 41/4).
2, 181
Suppose n - 4316 = -3*k - 0*n, 0 = -5*k + 5*n + 7220. Suppose -25*b + 29*b - k = 0. List the prime factors of b.
2, 3, 5
What are the prime factors of 87/((-53157)/94) + -1 + (-48921)/(-13)?
2, 3, 11, 19
Let s(q) = q**2 + q - 15. Let b(c) = -1. Let r(n) = -3. Let u(h) = -2*b(h) + r(h). Let a(l) = s(l) - u(l). List the prime factors of a(-8).
2, 3, 7
Let o = -116 + 164. Let b be -6 - (-3 - (-6 + 2)/4). List the prime factors of ((-21)/3 - b) + o.
3, 5
Let l = -421 + 426. Suppose 0 = l*o - 5493 + 1893. What are the prime factors of o?
2, 3, 5
List the prime factors of 146/(-949) - 217364/(-26).
2, 5, 11, 19
Let b = 79591 - 34233. What are the prime factors of b?
2, 22679
Let b = 102 - 75. Let q = -22 + b. What are the prime factors of -2*1223/(-10) + 2/q?
5, 7
Let w be (0 - 10) + (-1 - 2/1). Let b(x) = x**3 + 13*x**2 - 6*x + 38. List the prime factors of b(w).
2, 29
Suppose -4*p + 12 = -2*m, -6*m = -2*p - 3*m + 6. Suppose 2*f = 5*w + 1662 + 1183, p*w + 2851 = 2*f. List the prime factors of f.
2, 5, 11, 13
Let j = 108201 - 61154. What are the prime factors of j?
7, 11, 13, 47
Suppose 5*w = 114881 + 13019. Suppose w - 4106 = 18*o. List the prime factors of o.
1193
Suppose 0 = -2*z - 2*h - 280, 5*h - 43 = 3*z + 417. Let d(p) = p**2 - 3*p + 3. Let q be d(2). What are the prime factors of ((-8)/40)/(q/z)?
29
Suppose -600 - 46 = -19*w. Suppose -w = -3*d + b - 10, -2*d + 2*b + 20 = 0. Suppose d*i - 1295 - 280 = 0. What are the prime factors of i?
3, 5
Let r(b) = -3*b**2 - 19*b - 11. Let t be r(-16). Let x = t - -719. What are the prime factors of x?
2, 61
Let r(a) = a**3 - 3*a**2 + 6*a - 3. Let i be r(2). Suppose 2*v + 15 = 5*m + i*v, -3*m - v = -5. Suppose -34 = -m*n - 2*n. List the prime factors of n.
17
Suppose -7*n + 34*w + 97566 = 33*w, n - 13938 = -w. List the prime factors of n.
2, 3, 23, 101
Let b = 36504 - 21287. List the prime factors of b.
15217
Let g = 68702 - 6429. List the prime factors of g.
62273
Suppose -505 = 14*y - 18775. Suppose 5*p - y = 2*a, -2*a + 522 = 5*p - 3*p. What are the prime factors of p?
3, 29
Let s(x) = 4*x - 22. Let n be s(5). Let q be (-5 + (n - -560))*(2 - 1). Suppose -4*y = -i - q, 4*y + 0*y = -5*i + 571. List the prime factors of y.
139
Suppose 4*j - 12 = 3*l, 3*j + 2*j - 15 = 0. Let g(x) be the third derivative of x**6/120 + x**4/8 + 4*x**3 - 32*x**2. List the prime factors of g(l).
2, 3
Let a = -3407 - -10144. What are the prime factors of a?
6737
Let j = 24 - -3. Suppose -5*o - 26246 = -j*o. List the prime factors of o.
1193
Let x(g) = 34*g - 17. Suppose 5*u - 59 = 2*p + 21, -36 = -4*u - 4*p. Let b be x(u). Let d = -256 + b. What are the prime factors of d?
7, 29
Let j = -13375 + 38854. What are the prime factors of j?
3, 19, 149
Let l = 17 + 183. List the prime factors of 287920/l - 2/(-5).
2, 3, 5
Let f(g) = g**3 + 11*g**2 - 13*g - 13. Let b = 13 - 25. Let x be f(b). List the prime factors of 8*(6/(-2))/3*x.
2
Let f(w) = 2*w + 3. Let j(s) = 2*s + 3. Let t(r) = -6*f(r) + 5*j(r). Let p be t(-5). Suppose -5*v + 63 = -p. What are the prime factors of v?
2, 7
Let t = 1843 + 10725. List the prime factors of t.
2, 1571
Let u be -1 - -1 - (-7 + 10/2). Suppose c + 3*l + 51 = 244, u*c + l - 386 = 0. List the prime factors of c.
193
Suppose -30*g + 97589 = -25471. What are the prime factors of g?
2, 7, 293
Let y be ((-4)/(-7))/(48/21 + -2). Suppose -y*q + 1160 = 3*q. Let x = q + -83. List the prime factors of x.
149
List the prime factors of ((-150)/4*(-9312)/960)/((-6)/(-464)).
2, 5, 29, 97
Let o(y) = 82*y - 318. Let r(s) = 29*s - 36. Let p be r(2). List the prime factors of o(p).
2, 743
Let u(n) = -10*n - 28. Let s be u(-10). Suppose 5*v = -5*y + 790, -5*v - s = -4*y + 515. List the prime factors of (y/(-12))/((-4)/16).
3, 17
List the prime factors of (-1587 - 2)/((-1)/1).
7, 227
Suppose 0 = -5*a + 3*a - 2. Let g be (-207)/a - (-2 + 2). Suppose -113 = -5*b + g. List the prime factors of b.
2
Let x(k) = -k**2 - 5*k + 34. Let n(j) = -2*j. Let b(r) = -4*n(r) - x(r). What are the prime factors of b(7)?
2, 53
Let b(m) = 11*m + 218. Let r be b(-20). Let s = -351 - -889. List the prime factors of (-3)/((-3)/((-816)/s) + r).
2, 17
Suppose -44*t = -36*t - 26024. List the prime factors of t.
3253
Suppose -73*p + 617628 - 3406 = 0. What are the prime factors of p?
2, 7, 601
Let f = 8127 + 24639. List the prime factors of f.
2, 3, 43, 127
Let g(v) = 301*v**2 + 1515*v + 9098. List the prime factors of g(-6).
2, 2711
Let j(y) = -y**2 + 11*y + 68. Let q be j(13). Suppose -1860 = -q*f + 30*f. List the prime factors of f.
5, 31
Let h = -461 + 827. Suppose 0 = p - 2*y - h, -p + 3*y + 0*y = -365. List the prime factors of p.
2, 23
Suppose p - 25 = -21. Suppose -p*g = 323 - 835. What are the prime factors of g?
2
Let i = -181 - -187. Suppose i*q = -q + 1309. List the prime factors of q.
11, 17
Suppose 0 = -35*v + 22500 + 24435. What are the prime fac